r when 757886 is divided by 63157?
2
Calculate the remainder when 9555 is divided by 218.
181
What is the remainder when 3991325 is divided by 782?
779
What is the remainder when 36993 is divided by 2642?
5
What is the remainder when 39651 is divided by 251?
244
What is the remainder when 25936 is divided by 188?
180
What is the remainder when 388500 is divided by 259?
0
What is the remainder when 35927 is divided by 589?
587
Calculate the remainder when 47914 is divided by 9579.
19
Calculate the remainder when 2398 is divided by 591.
34
What is the remainder when 189034 is divided by 62994?
52
Calculate the remainder when 4994 is divided by 354.
38
What is the remainder when 69934 is divided by 12?
10
What is the remainder when 63657 is divided by 79?
62
What is the remainder when 287139 is divided by 16?
3
Calculate the remainder when 4332 is divided by 92.
8
Calculate the remainder when 9323 is divided by 74.
73
Calculate the remainder when 17893 is divided by 1979.
82
What is the remainder when 4190 is divided by 462?
32
Calculate the remainder when 4271 is divided by 47.
41
Calculate the remainder when 187911 is divided by 436.
431
What is the remainder when 24839 is divided by 25?
14
Calculate the remainder when 44966 is divided by 11201.
162
Calculate the remainder when 13490 is divided by 587.
576
Calculate the remainder when 456983 is divided by 132.
131
Calculate the remainder when 132104 is divided by 425.
354
Calculate the remainder when 323744 is divided by 124.
104
What is the remainder when 16738 is divided by 113?
14
What is the remainder when 8044 is divided by 269?
243
Calculate the remainder when 327031 is divided by 28.
19
Calculate the remainder when 200046 is divided by 66681.
3
Calculate the remainder when 21551 is divided by 460.
391
Calculate the remainder when 3241 is divided by 522.
109
Calculate the remainder when 22333 is divided by 219.
214
What is the remainder when 3780 is divided by 189?
0
What is the remainder when 13529 is divided by 20?
9
Calculate the remainder when 32631 is divided by 4078.
7
What is the remainder when 2162 is divided by 67?
18
Calculate the remainder when 142096 is divided by 98.
94
What is the remainder when 3183 is divided by 1055?
18
Calculate the remainder when 65766 is divided by 21914.
24
Calculate the remainder when 2770 is divided by 34.
16
Calculate the remainder when 1204 is divided by 28.
0
Calculate the remainder when 44497 is divided by 856.
841
What is the remainder when 62095 is divided by 92?
87
Calculate the remainder when 40043 is divided by 541.
9
What is the remainder when 41282 is divided by 117?
98
What is the remainder when 31644 is divided by 143?
41
What is the remainder when 76526 is divided by 1775?
201
What is the remainder when 12644 is divided by 4?
0
Calculate the remainder when 3191 is divided by 1543.
105
Calculate the remainder when 2272 is divided by 541.
108
What is the remainder when 4951 is divided by 4928?
23
Calculate the remainder when 31466 is divided by 899.
1
What is the remainder when 2953 is divided by 328?
1
What is the remainder when 39073 is divided by 9729?
157
What is the remainder when 4895 is divided by 17?
16
Calculate the remainder when 92515 is divided by 229.
228
Calculate the remainder when 546856 is divided by 494.
492
Calculate the remainder when 43557 is divided by 46.
41
Calculate the remainder when 116204 is divided by 5.
4
What is the remainder when 7475 is divided by 2369?
368
What is the remainder when 9840 is divided by 224?
208
What is the remainder when 35251 is divided by 17355?
541
Calculate the remainder when 74964 is divided by 20.
4
Calculate the remainder when 1127820 is divided by 197.
192
Calculate the remainder when 14552 is divided by 4786.
194
Calculate the remainder when 7154 is divided by 1695.
374
What is the remainder when 1351 is divided by 606?
139
What is the remainder when 6981 is divided by 6?
3
What is the remainder when 22637 is divided by 49?
48
Calculate the remainder when 167795 is divided by 194.
179
What is the remainder when 67972 is divided by 3236?
16
What is the remainder when 31928 is divided by 146?
100
What is the remainder when 128927 is divided by 38?
31
What is the remainder when 24101 is divided by 35?
21
Calculate the remainder when 278136 is divided by 459.
441
What is the remainder when 291703 is divided by 74?
69
Calculate the remainder when 1558273 is divided by 25.
23
What is the remainder when 40641 is divided by 616?
601
Calculate the remainder when 19023 is divided by 32.
15
Calculate the remainder when 200017 is divided by 685.
682
What is the remainder when 684 is divided by 186?
126
Calculate the remainder when 432307 is divided by 195.
187
Calculate the remainder when 36827 is divided by 1023.
1022
Calculate the remainder when 257 is divided by 211.
46
Calculate the remainder when 288404 is divided by 493.
492
What is the remainder when 43592 is divided by 136?
72
Calculate the remainder when 32801 is divided by 42.
41
Calculate the remainder when 177169 is divided by 279.
4
What is the remainder when 927 is divided by 113?
23
What is the remainder when 2073 is divided by 46?
3
Calculate the remainder when 617536 is divided by 154.
150
What is the remainder when 4410 is divided by 275?
10
What is the remainder when 86762 is divided by 398?
396
What is the remainder when 3695 is divided by 88?
87
Calculate the remainder when 73091 is divided by 322.
319
Calculate the remainder when 95053 is divided by 58.
49
What is the remainder when 1685 is divided by 135?
65
What is the remainder when 4704 is divided by 1568?
0
Calculate the remainder when 22916 is divided by 577.
413
What is the remainder when 12689 is divided by 12688?
1
What is the remainder when 23221 is divided by 11581?
59
What is the remainder when 39891 is divided by 39?
33
Calculate the remainder when 7532 is divided by 3752.
28
What is the remainder when 32570 is divided by 7?
6
What is the remainder when 85754 is divided by 80?
74
Calculate the remainder when 49251 is divided by 2463.
2454
Calculate the remainder when 6588805 is divided by 1981.
1980
Calculate the remainder when 199141 is divided by 21.
19
Calculate the remainder when 18672 is divided by 2665.
17
What is the remainder when 788 is divided by 256?
20
Calculate the remainder when 22008 is divided by 379.
26
What is the remainder when 25398 is divided by 25?
23
What is the remainder when 16824 is divided by 107?
25
What is the remainder when 79 is divided by 17?
11
What is the remainder when 6228 is divided by 3067?
94
What is the remainder when 127983 is divided by 49?
44
What is the remainder when 5057 is divided by 93?
35
What is the remainder when 5649 is divided by 292?
101
Calculate the remainder when 490 is divided by 363.
127
What is the remainder when 117722 is divided by 11771?
12
What is the remainder when 15011 is divided by 14991?
20
What is the remainder when 1621 is divided by 36?
1
Calculate the remainder when 10347 is divided by 296.
283
Calculate the remainder when 169053 is divided by 362.
361
Calculate the remainder when 244313 is divided by 12.
5
What is the remainder when 3138 is divided by 116?
6
What is the remainder when 45030 is divided by 11193?
258
Calculate the remainder when 451897 is divided by 58.
19
Calculate the remainder when 5993 is divided by 1993.
14
What is the remainder when 332062 is divided by 72?
70
What is the remainder when 13364 is divided by 6200?
964
Calculate the remainder when 12400 is divided by 951.
37
Calculate the remainder when 127758 is divided by 42586.
0
Calculate the remainder when 9290 is divided by 4606.
78
Calculate the remainder when 5499 is divided by 551.
540
What is the remainder when 2066354 is divided by 423?
422
What is the remainder when 27239 is divided by 139?
134
Calculate the remainder when 3321 is divided by 3305.
16
Calculate the remainder when 40493 is divided by 89.
87
What is the remainder when 118840 is divided by 308?
260
What is the remainder when 31455 is divided by 24?
15
What is the remainder when 17247 is divided by 557?
537
What is the remainder when 982 is divided by 95?
32
Calculate the remainder when 134537 is divided by 48.
41
What is the remainder wh